ist the prime factors of 139083921.
3, 23, 671903
List the prime factors of 126887149.
19, 6678271
What are the prime factors of 2686397144?
2, 3517, 95479
What are the prime factors of 278715382?
2, 11, 12668881
List the prime factors of 3157087127.
3157087127
What are the prime factors of 2333694752?
2, 7741, 9421
List the prime factors of 241463555.
5, 41, 97, 12143
What are the prime factors of 8273937?
3, 7, 393997
List the prime factors of 863312853.
3, 13, 17, 127, 10253
List the prime factors of 1026148991.
7, 101, 937, 1549
What are the prime factors of 85879169?
85879169
List the prime factors of 332884914.
2, 3, 6257, 8867
What are the prime factors of 166365549?
3, 7, 443, 1987
List the prime factors of 12156718.
2, 7, 868337
What are the prime factors of 232585350?
2, 3, 5, 71, 21839
What are the prime factors of 329059538?
2, 7621, 21589
List the prime factors of 56948691.
3, 17, 1116641
What are the prime factors of 29372352?
2, 3, 152981
List the prime factors of 1249195348.
2, 312298837
What are the prime factors of 234818936?
2, 11, 127, 21011
List the prime factors of 43649395.
5, 31, 281609
List the prime factors of 2716505598.
2, 3, 452750933
What are the prime factors of 303988195?
5, 7, 8685377
What are the prime factors of 47067765?
3, 5, 31, 101221
List the prime factors of 3534501923.
19, 37, 5027741
List the prime factors of 1326448943.
1326448943
What are the prime factors of 456453177?
3, 152151059
List the prime factors of 20325398.
2, 31, 327829
What are the prime factors of 7516502916?
2, 3, 13, 31, 1554281
List the prime factors of 54894779.
1973, 27823
List the prime factors of 14556196.
2, 131, 27779
What are the prime factors of 212908034?
2, 17, 19, 19387
List the prime factors of 1847061027.
3, 7, 4188347
List the prime factors of 165994538.
2, 173, 479753
List the prime factors of 5631699554.
2, 13, 1451, 11483
List the prime factors of 267053959.
267053959
List the prime factors of 420841217.
89, 4728553
List the prime factors of 38273019.
3, 1303, 9791
List the prime factors of 102558972.
2, 3, 89, 109, 881
List the prime factors of 14273975.
5, 570959
What are the prime factors of 82583272?
2, 19, 543311
What are the prime factors of 11234378?
2, 5617189
List the prime factors of 2816264002.
2, 101, 811, 17191
What are the prime factors of 1078782537?
3, 7, 983, 52259
List the prime factors of 325011122.
2, 9431, 17231
What are the prime factors of 471536084?
2, 67, 1759463
What are the prime factors of 390724134?
2, 3, 29, 2245541
List the prime factors of 20458167.
3, 6819389
List the prime factors of 1400211683.
13, 37, 2911043
List the prime factors of 1314401352.
2, 3, 11, 109, 45677
List the prime factors of 173713700.
2, 5, 59, 29443
List the prime factors of 677415020.
2, 5, 97, 349183
What are the prime factors of 761265255?
3, 5, 50751017
List the prime factors of 3342380086.
2, 3823, 437141
List the prime factors of 395611448.
2, 49451431
What are the prime factors of 46662943?
17, 29, 94651
List the prime factors of 1554824347.
20129, 77243
List the prime factors of 1214436430.
2, 5, 439, 276637
List the prime factors of 31553157.
3, 1579, 6661
List the prime factors of 6531403436.
2, 1632850859
What are the prime factors of 184035194?
2, 7, 1429, 9199
What are the prime factors of 25287742?
2, 79, 160049
List the prime factors of 3051782192.
2, 41, 47, 98981
What are the prime factors of 54253157?
7, 359, 21589
What are the prime factors of 339165055?
5, 67, 1012433
What are the prime factors of 14800504?
2, 59, 31357
What are the prime factors of 1124194084?
2, 13, 1663009
What are the prime factors of 11145837?
3, 19, 195541
List the prime factors of 218682737.
7, 13, 49043
List the prime factors of 22894322.
2, 11, 1040651
List the prime factors of 9318178170.
2, 3, 5, 7, 19, 47, 5521
List the prime factors of 134231032.
2, 13, 1290683
List the prime factors of 92077185.
3, 5, 17, 41, 8807
List the prime factors of 488603786.
2, 11, 271, 81953
List the prime factors of 421882252.
2, 11, 101, 94933
List the prime factors of 2375780749.
2375780749
List the prime factors of 44645004.
2, 3, 1240139
List the prime factors of 410773492.
2, 102693373
What are the prime factors of 138245987?
11, 29, 433373
List the prime factors of 5155591398.
2, 3, 47, 137, 133447
List the prime factors of 26738516.
2, 7, 136421
List the prime factors of 467477273.
19, 24604067
List the prime factors of 4318677444.
2, 3, 37, 9726751
List the prime factors of 54475434.
2, 3, 13, 232801
List the prime factors of 143431211.
7, 11, 101, 18443
What are the prime factors of 5441755?
5, 11, 163, 607
What are the prime factors of 4313043117?
3, 7573, 63281
What are the prime factors of 5776995433?
11, 43, 12213521
What are the prime factors of 93632629?
43, 2177503
What are the prime factors of 673659238?
2, 7, 17, 2830501
What are the prime factors of 1848655949?
7, 2411, 109537
What are the prime factors of 1102250513?
7, 13, 839, 14437
List the prime factors of 1210893289.
17, 29, 47, 52259
List the prime factors of 35762118.
2, 3, 7, 17, 50087
List the prime factors of 1515394143.
3, 56125709
List the prime factors of 505329131.
17, 29725243
List the prime factors of 1483733952.
2, 3, 89, 103, 281
List the prime factors of 536823808.
2, 262121
What are the prime factors of 16163128?
2, 2020391
List the prime factors of 1071441428.
2, 53, 1867, 2707
List the prime factors of 52238302.
2, 37, 19079
List the prime factors of 20426782.
2, 10213391
What are the prime factors of 152561317?
19, 163, 49261
What are the prime factors of 487896091?
487896091
List the prime factors of 40973095.
5, 151, 54269
List the prime factors of 30044801.
281, 106921
List the prime factors of 326863575.
3, 5, 1452727
List the prime factors of 152313027.
3, 79, 239, 2689
What are the prime factors of 56321575?
5, 31, 72673
What are the prime factors of 62770048?
2, 11, 109, 409
List the prime factors of 352709820.
2, 3, 5, 149, 13151
List the prime factors of 4362233135.
5, 13, 373, 179923
What are the prime factors of 982464175?
5, 7, 11, 29, 17599
What are the prime factors of 1622848284?
2, 3, 1669597
List the prime factors of 8832031232.
2, 157, 109873
List the prime factors of 33629616.
2, 3, 409, 571
List the prime factors of 301922492.
2, 75480623
List the prime factors of 16126915.
5, 7, 19, 24251
List the prime factors of 1182887914.
2, 13, 17, 2676217
List the prime factors of 24975611.
631, 39581
List the prime factors of 588159721.
727, 809023
What are the prime factors of 128820749?
47, 2740867
What are the prime factors of 90028428?
2, 3, 7, 571, 1877
What are the prime factors of 17437489?
43, 599, 677
List the prime factors of 19197806.
2, 2017, 4759
List the prime factors of 4748456.
2, 31, 41, 467
What are the prime factors of 194175294?
2, 3, 271, 119419
What are the prime factors of 61960486?
2, 7, 4425749
What are the prime factors of 1700830353?
3, 19, 29839129
What are the prime factors of 30940693?
7, 43, 102793
List the prime factors of 957740171.
23, 41640877
What are the prime factors of 4412534332?
2, 307, 1453, 2473
What are the prime factors of 652469329?
19, 34340491
List the prime factors of 6099243.
3, 17, 59, 2027
What are the prime factors of 58238422?
2, 11, 521, 5081
List the prime factors of 73744356.
2, 3, 7, 877909
List the prime factors of 37565854.
2, 23, 816649
List the prime factors of 107482981.
19, 5656999
List the prime factors of 127245771.
3, 14138419
What are the prime factors of 1345648935?
3, 5, 137, 654817
What are the prime factors of 1191602569?
241, 4944409
List the prime factors of 737636520.
2, 3, 5, 6146971
List the prime factors of 159454933.
11, 14495903
What are the prime factors of 1572283839?
3, 7, 19, 3940561
List the prime factors of 1749796118.
2, 7, 563, 221999
What are the prime factors of 842327391?
3, 2833, 99109
What are the prime factors of 125857432?
2, 15732179
List the prime factors of 202628853.
3, 7, 3216331
What are the prime factors of 172992695?
5, 34598539
List the prime factors of 296090729.
11, 26917339
What are the prime factors of 126828344?
2, 19, 163, 5119
What are the prime factors of 159938258?
2, 1297, 61657
What are the prime factors of 31752